{"id":5914,"date":"2022-12-28T09:42:32","date_gmt":"2022-12-28T09:42:32","guid":{"rendered":"https:\/\/federatiedilbeek.be\/?page_id=5914"},"modified":"2023-01-04T08:08:29","modified_gmt":"2023-01-04T08:08:29","slug":"kapellen-in-de-kerk","status":"publish","type":"page","link":"https:\/\/federatiedilbeek.be\/index.php\/kapellen-in-de-kerk\/","title":{"rendered":"Kapellen in de kerk"},"content":{"rendered":"<p><strong>1.Doopkapel<\/strong><\/p>\n<p>Een baptisterium of doopkapel &#8211; afgeleid uit het Griekse \u2018baptisterion\u2019 (= badplaats of zwembassin) of uit het Italiaanse \u2018battistero\u2019 &#8211; is het afgezonderd deel van een kerk waarin de doopvont staat. Het is veelal een achthoekig gebouw aan de westzijde van de kerken en toegewijd aan Johannes de Doper. Waarom achthoekig? Daar worden verschillende verklaringen voor gegeven, die losstaan van elkaar maar ook wat aansluiten op elkaar.<\/p>\n<p>*Kerkvaders verwijzen naar de \u2018achtste\u2019 dag: de Dag des Heren, aangezien dat de dag was waarop Christus verrees uit de doden. De heilige Ambrosius dacht zo: acht is het symbool voor een nieuw begin: voor het begin van een nieuwe week, maar ook voor het begin van een nieuw leven als christen.<\/p>\n<p>*Anderen denken aan de ark van Noah, waar slechts acht personen gered werden.<\/p>\n<p>*Misschien doet het cijfer acht ook denken aan de achtste dag waarop de besnijdenis van Jezus Christus plaatsvond.<\/p>\n<p>&nbsp;<\/p>\n<p>De doopkapel en doopvont bevinden zich meestal achteraan de kerk: de doopleerling moet eerst het sacrament van het doopsel ontvangen vooraleer deel te nemen aan de eucharistieviering van de gemeenschap. Om dat onderscheid duidelijk te maken staat er een traliewerk tussen doopkapel en kerk. Ze is de architecturale uitdrukking van andere symbolen van het doopritueel: beperkt toegankelijk, buitendeur, de diepte en een poort.<br \/>\nEr is vaak een buitendeur aan de doopkapel: je kan er binnen en buiten zonder in de kerk te komen. Zo\u2019n deur tref je aan in de Sint-Ambrosiuskerk.<br \/>\nAan de Sint-Martinuskerk moet er vroeger ook een buitendeur geweest zijn want als je aan de buitenkant staat, zie je ter hoogte van de doopkapel een dichtgemetselde deurlijst.<br \/>\nDe doopvont staat gewoonlijk lager dan de begane vloer. Dat heeft alles te maken met de dooppraktijk door onderdompeling in de eerste eeuwen van het christendom: de doopvont stond enkele treden lager en de dopeling daalde daarin af vanuit het westen (de kant van de zonsondergang &#8211; symbool van de dood) om er aan de oostkant (de kant van zonsopgang &#8211; symbool van het leven) uit te stappen, als van dood naar verrijzenis.<br \/>\nIn de Sint-Ambrosiuskerk te Dilbeek wordt dit gesuggereerd door een trapje naar beneden tot de doopvont en in de Sint- Pieterskerk te Itterbeek &#8211; de doopvont staat er op het koor &#8211; staat deze in een putje.<\/p>\n<p>&nbsp;<\/p>\n<p>In de eerste eeuwen lieten christenen zich op volwassen leeftijd dopen. Augustinus was de eerste kerkvader die een zo vroeg mogelijke doop bepleitte: van dan af werden er eerder (kleine) kinderen dan volwassenen gedoopt. De onderdompeling werd vervangen door een besprenkelen van het hoofdje en de doopkapel werd \u00e9\u00e9n van de \u2018gewone\u2019 kapellen in de kerk. Het doopsel kreeg alsmaar meer betekenis, zoals mag blijken uit de toegevoegde symbolen: olie, wit doopkleed, doopkaars \u2026<br \/>\nVroeger was het de normaalste zaak om uw kind te laten dopen: hoe vroeger, hoe beter. Nu wordt het vaak uitgesteld om redenen die er niet toe doen: omdat de grootouders dit belangrijk vinden, omdat het zo in onze cultuur zit, voor een meter en peter \u2026 Anderen laten hun kind zelf kiezen om zich te laten dopen zoals v\u00f3\u00f3r de eerste communie of op een nog latere datum. Maar zeg nu zelf: is een kind op de leeftijd van pakweg een jaar of zes zeven bekwaam om zo\u2019n beslissing te nemen?<\/p>\n<p>&nbsp;<\/p>\n<p>&nbsp;<\/p>\n<p>Doopkapel Sint- Ambrosiuskerk Dilbeek<\/p>\n<p>&nbsp;<\/p>\n<p><img loading=\"lazy\" decoding=\"async\" class=\"wp-image-5920 alignnone\" src=\"https:\/\/federatiedilbeek.be\/wp-content\/uploads\/2022\/12\/IMG_1836-235x300.jpg\" alt=\"\" width=\"501\" height=\"639\" srcset=\"https:\/\/federatiedilbeek.be\/wp-content\/uploads\/2022\/12\/IMG_1836-235x300.jpg 235w, https:\/\/federatiedilbeek.be\/wp-content\/uploads\/2022\/12\/IMG_1836-804x1024.jpg 804w, https:\/\/federatiedilbeek.be\/wp-content\/uploads\/2022\/12\/IMG_1836-768x978.jpg 768w, https:\/\/federatiedilbeek.be\/wp-content\/uploads\/2022\/12\/IMG_1836-1206x1536.jpg 1206w, https:\/\/federatiedilbeek.be\/wp-content\/uploads\/2022\/12\/IMG_1836-157x200.jpg 157w, https:\/\/federatiedilbeek.be\/wp-content\/uploads\/2022\/12\/IMG_1836.jpg 1526w\" sizes=\"auto, (max-width: 501px) 100vw, 501px\" \/>\u00a0 \u00a0 \u00a0 \u00a0 \u00a0 \u00a0 \u00a0 \u00a0 \u00a0 \u00a0 \u00a0 \u00a0 \u00a0 \u00a0 \u00a0 \u00a0 \u00a0 \u00a0 <img loading=\"lazy\" decoding=\"async\" class=\"alignnone wp-image-5918\" src=\"https:\/\/federatiedilbeek.be\/wp-content\/uploads\/2022\/12\/IMG_1833-237x300.jpg\" alt=\"\" width=\"508\" height=\"643\" srcset=\"https:\/\/federatiedilbeek.be\/wp-content\/uploads\/2022\/12\/IMG_1833-237x300.jpg 237w, https:\/\/federatiedilbeek.be\/wp-content\/uploads\/2022\/12\/IMG_1833-810x1024.jpg 810w, https:\/\/federatiedilbeek.be\/wp-content\/uploads\/2022\/12\/IMG_1833-768x971.jpg 768w, https:\/\/federatiedilbeek.be\/wp-content\/uploads\/2022\/12\/IMG_1833-1215x1536.jpg 1215w, https:\/\/federatiedilbeek.be\/wp-content\/uploads\/2022\/12\/IMG_1833-158x200.jpg 158w, https:\/\/federatiedilbeek.be\/wp-content\/uploads\/2022\/12\/IMG_1833.jpg 1538w\" sizes=\"auto, (max-width: 508px) 100vw, 508px\" \/><\/p>\n<p>&nbsp;<\/p>\n<p>&nbsp;<\/p>\n<p>&nbsp;<\/p>\n<p><img loading=\"lazy\" decoding=\"async\" class=\"alignnone wp-image-5917\" src=\"https:\/\/federatiedilbeek.be\/wp-content\/uploads\/2022\/12\/IMG_1832-758x1024.jpg\" alt=\"\" width=\"499\" height=\"674\" srcset=\"https:\/\/federatiedilbeek.be\/wp-content\/uploads\/2022\/12\/IMG_1832-758x1024.jpg 758w, https:\/\/federatiedilbeek.be\/wp-content\/uploads\/2022\/12\/IMG_1832-222x300.jpg 222w, https:\/\/federatiedilbeek.be\/wp-content\/uploads\/2022\/12\/IMG_1832-768x1038.jpg 768w, https:\/\/federatiedilbeek.be\/wp-content\/uploads\/2022\/12\/IMG_1832-1136x1536.jpg 1136w, https:\/\/federatiedilbeek.be\/wp-content\/uploads\/2022\/12\/IMG_1832-1515x2048.jpg 1515w, https:\/\/federatiedilbeek.be\/wp-content\/uploads\/2022\/12\/IMG_1832-148x200.jpg 148w, https:\/\/federatiedilbeek.be\/wp-content\/uploads\/2022\/12\/IMG_1832.jpg 1683w\" sizes=\"auto, (max-width: 499px) 100vw, 499px\" \/>\u00a0 \u00a0 \u00a0 \u00a0 \u00a0 \u00a0 \u00a0 \u00a0 \u00a0 \u00a0 \u00a0 \u00a0 \u00a0 \u00a0 \u00a0 \u00a0 \u00a0 \u00a0 \u00a0 <img loading=\"lazy\" decoding=\"async\" class=\"alignnone wp-image-5918\" src=\"https:\/\/federatiedilbeek.be\/wp-content\/uploads\/2022\/12\/IMG_1833-810x1024.jpg\" alt=\"\" width=\"533\" height=\"674\" srcset=\"https:\/\/federatiedilbeek.be\/wp-content\/uploads\/2022\/12\/IMG_1833-810x1024.jpg 810w, https:\/\/federatiedilbeek.be\/wp-content\/uploads\/2022\/12\/IMG_1833-237x300.jpg 237w, https:\/\/federatiedilbeek.be\/wp-content\/uploads\/2022\/12\/IMG_1833-768x971.jpg 768w, https:\/\/federatiedilbeek.be\/wp-content\/uploads\/2022\/12\/IMG_1833-1215x1536.jpg 1215w, https:\/\/federatiedilbeek.be\/wp-content\/uploads\/2022\/12\/IMG_1833-158x200.jpg 158w, https:\/\/federatiedilbeek.be\/wp-content\/uploads\/2022\/12\/IMG_1833.jpg 1538w\" sizes=\"auto, (max-width: 533px) 100vw, 533px\" \/><\/p>\n<p>&nbsp;<\/p>\n<p><strong>2. Maranathakapel<\/strong><\/p>\n<p>Verschillende kerken hebben een kapel, die zij-, week-, winter- of sacramentskapel genoemd werd naargelang het gebruik dat ervan gemaakt werd: aan de rechter of linker kant van de kerk, alleen gebruikt in de loop van de week, voor vieringen met kleine groepen of nog om er het heilig sacrament te bewaren.<\/p>\n<p>In de Sint-Ambrosiuskerk te Dilbeek werd zo\u2019n kapel voorzien. Bij eerdere werken werd er een betonnen plafond gegoten, dat sindsdien de houten lambrisering en versiering van het gewelf (in dezelfde stijl als dat van de doopkapel) bedekt en waar kabels van de elektriciteit over lopen. Bij de laatste herinrichting van die kapel kreeg ze de naam: Maranathakapel. \u2019Maranatha\u2019 betekent: Kom, Heer Jezus, kom.<br \/>\nHet woord \u2018maranatha&#8217; is een Aramees woord en komt in het Nieuwe Testament slechts tweemaal voor: als afscheidsgroet van Paulus aan het einde van zijn eerste brief aan de Korinti\u00ebrs (1 Korinti\u00ebrs 16, 22) als \u00e9\u00e9n van de laatste woorden in de Apocalyps. Het is ook de bisschopsleuze van Mgr. A. L\u00e9onard, onze vorige aartsbisschop.<\/p>\n<p>Een korte gang leidt vanaf het koor naar die weekkapel. Links is er een deur naar een betegeld koertje met waterpomp: het is de (kleine) kerktuin. Beter zou aangestampte aarde zijn, want het gebruikte doopwater, het water van de handwassing, \u2026 wordt daar uitgegoten om door te dringen in de gewijde grond waar de kerk op staat. Een andere oplossing is dat er door de buitenmuur van de kerk een afvoerbuis gestoken wordt om een afvoer te hebben naar het kerkhof (groter dan de kerktuin en vooral gebruikt voor begrafenissen) &#8211; dat alles om een rechtstreekse verbinding met de riolering te vermijden.<\/p>\n<p>&nbsp;<\/p>\n<p>&nbsp;<\/p>\n<p><img loading=\"lazy\" decoding=\"async\" class=\"alignnone size-medium wp-image-5937\" src=\"https:\/\/federatiedilbeek.be\/wp-content\/uploads\/2023\/01\/20221219_094258-271x300.jpg\" alt=\"\" width=\"271\" height=\"300\" srcset=\"https:\/\/federatiedilbeek.be\/wp-content\/uploads\/2023\/01\/20221219_094258-271x300.jpg 271w, https:\/\/federatiedilbeek.be\/wp-content\/uploads\/2023\/01\/20221219_094258-925x1024.jpg 925w, https:\/\/federatiedilbeek.be\/wp-content\/uploads\/2023\/01\/20221219_094258-768x850.jpg 768w, https:\/\/federatiedilbeek.be\/wp-content\/uploads\/2023\/01\/20221219_094258-1388x1536.jpg 1388w, https:\/\/federatiedilbeek.be\/wp-content\/uploads\/2023\/01\/20221219_094258-1850x2048.jpg 1850w, https:\/\/federatiedilbeek.be\/wp-content\/uploads\/2023\/01\/20221219_094258-181x200.jpg 181w, https:\/\/federatiedilbeek.be\/wp-content\/uploads\/2023\/01\/20221219_094258-1920x2125.jpg 1920w\" sizes=\"auto, (max-width: 271px) 100vw, 271px\" \/>\u00a0 \u00a0 \u00a0 \u00a0 \u00a0 \u00a0 \u00a0 \u00a0 \u00a0 \u00a0 \u00a0 \u00a0 <img loading=\"lazy\" decoding=\"async\" class=\"alignnone size-medium wp-image-5938\" src=\"https:\/\/federatiedilbeek.be\/wp-content\/uploads\/2023\/01\/20221219_094351-225x300.jpg\" alt=\"\" width=\"225\" height=\"300\" srcset=\"https:\/\/federatiedilbeek.be\/wp-content\/uploads\/2023\/01\/20221219_094351-225x300.jpg 225w, https:\/\/federatiedilbeek.be\/wp-content\/uploads\/2023\/01\/20221219_094351-768x1024.jpg 768w, https:\/\/federatiedilbeek.be\/wp-content\/uploads\/2023\/01\/20221219_094351-1152x1536.jpg 1152w, https:\/\/federatiedilbeek.be\/wp-content\/uploads\/2023\/01\/20221219_094351-1536x2048.jpg 1536w, https:\/\/federatiedilbeek.be\/wp-content\/uploads\/2023\/01\/20221219_094351-150x200.jpg 150w, https:\/\/federatiedilbeek.be\/wp-content\/uploads\/2023\/01\/20221219_094351-scaled.jpg 1920w\" sizes=\"auto, (max-width: 225px) 100vw, 225px\" \/>\u00a0 \u00a0 \u00a0 \u00a0 \u00a0 \u00a0 \u00a0 \u00a0 \u00a0 <img loading=\"lazy\" decoding=\"async\" class=\"alignnone size-medium wp-image-5939\" src=\"https:\/\/federatiedilbeek.be\/wp-content\/uploads\/2023\/01\/20221219_094425-261x300.jpg\" alt=\"\" width=\"261\" height=\"300\" srcset=\"https:\/\/federatiedilbeek.be\/wp-content\/uploads\/2023\/01\/20221219_094425-261x300.jpg 261w, https:\/\/federatiedilbeek.be\/wp-content\/uploads\/2023\/01\/20221219_094425-890x1024.jpg 890w, https:\/\/federatiedilbeek.be\/wp-content\/uploads\/2023\/01\/20221219_094425-768x883.jpg 768w, https:\/\/federatiedilbeek.be\/wp-content\/uploads\/2023\/01\/20221219_094425-1335x1536.jpg 1335w, https:\/\/federatiedilbeek.be\/wp-content\/uploads\/2023\/01\/20221219_094425-174x200.jpg 174w, https:\/\/federatiedilbeek.be\/wp-content\/uploads\/2023\/01\/20221219_094425.jpg 1745w\" sizes=\"auto, (max-width: 261px) 100vw, 261px\" \/><\/p>\n","protected":false},"excerpt":{"rendered":"<p>1.Doopkapel Een baptisterium of doopkapel &#8211; afgeleid uit het Griekse \u2018baptisterion\u2019 (= badplaats of zwembassin) of uit het Italiaanse \u2018battistero\u2019 &#8211; is het afgezonderd deel van een kerk waarin de doopvont staat. Het is veelal een achthoekig gebouw aan de westzijde van de kerken en toegewijd aan Johannes de Doper. &hellip;<\/p>\n","protected":false},"author":1,"featured_media":0,"parent":0,"menu_order":0,"comment_status":"closed","ping_status":"closed","template":"","meta":{"footnotes":""},"class_list":["post-5914","page","type-page","status-publish","hentry"],"yoast_head":"<!-- This site is optimized with the Yoast SEO plugin v24.9 - https:\/\/yoast.com\/wordpress\/plugins\/seo\/ -->\n<title>Kapellen in de kerk - Zone Dilbeek<\/title>\n<meta name=\"robots\" content=\"index, follow, max-snippet:-1, max-image-preview:large, max-video-preview:-1\" \/>\n<link rel=\"canonical\" href=\"https:\/\/federatiedilbeek.be\/index.php\/kapellen-in-de-kerk\/\" \/>\n<meta property=\"og:locale\" content=\"nl_BE\" \/>\n<meta property=\"og:type\" content=\"article\" \/>\n<meta property=\"og:title\" content=\"Kapellen in de kerk - Zone Dilbeek\" \/>\n<meta property=\"og:description\" content=\"1.Doopkapel Een baptisterium of doopkapel &#8211; afgeleid uit het Griekse \u2018baptisterion\u2019 (= badplaats of zwembassin) of uit het Italiaanse \u2018battistero\u2019 &#8211; is het afgezonderd deel van een kerk waarin de doopvont staat. Het is veelal een achthoekig gebouw aan de westzijde van de kerken en toegewijd aan Johannes de Doper. &hellip;\" \/>\n<meta property=\"og:url\" content=\"https:\/\/federatiedilbeek.be\/index.php\/kapellen-in-de-kerk\/\" \/>\n<meta property=\"og:site_name\" content=\"Zone Dilbeek\" \/>\n<meta property=\"article:modified_time\" content=\"2023-01-04T08:08:29+00:00\" \/>\n<meta property=\"og:image\" content=\"https:\/\/federatiedilbeek.be\/wp-content\/uploads\/2022\/12\/IMG_1836-235x300.jpg\" \/>\n<meta name=\"twitter:card\" content=\"summary_large_image\" \/>\n<meta name=\"twitter:label1\" content=\"Geschatte leestijd\" \/>\n\t<meta name=\"twitter:data1\" content=\"6 minuten\" \/>\n<script type=\"application\/ld+json\" class=\"yoast-schema-graph\">{\"@context\":\"https:\/\/schema.org\",\"@graph\":[{\"@type\":\"WebPage\",\"@id\":\"https:\/\/federatiedilbeek.be\/index.php\/kapellen-in-de-kerk\/\",\"url\":\"https:\/\/federatiedilbeek.be\/index.php\/kapellen-in-de-kerk\/\",\"name\":\"Kapellen in de kerk - Zone Dilbeek\",\"isPartOf\":{\"@id\":\"https:\/\/federatiedilbeek.be\/#website\"},\"primaryImageOfPage\":{\"@id\":\"https:\/\/federatiedilbeek.be\/index.php\/kapellen-in-de-kerk\/#primaryimage\"},\"image\":{\"@id\":\"https:\/\/federatiedilbeek.be\/index.php\/kapellen-in-de-kerk\/#primaryimage\"},\"thumbnailUrl\":\"https:\/\/federatiedilbeek.be\/wp-content\/uploads\/2022\/12\/IMG_1836-235x300.jpg\",\"datePublished\":\"2022-12-28T09:42:32+00:00\",\"dateModified\":\"2023-01-04T08:08:29+00:00\",\"breadcrumb\":{\"@id\":\"https:\/\/federatiedilbeek.be\/index.php\/kapellen-in-de-kerk\/#breadcrumb\"},\"inLanguage\":\"nl-BE\",\"potentialAction\":[{\"@type\":\"ReadAction\",\"target\":[\"https:\/\/federatiedilbeek.be\/index.php\/kapellen-in-de-kerk\/\"]}]},{\"@type\":\"ImageObject\",\"inLanguage\":\"nl-BE\",\"@id\":\"https:\/\/federatiedilbeek.be\/index.php\/kapellen-in-de-kerk\/#primaryimage\",\"url\":\"https:\/\/federatiedilbeek.be\/wp-content\/uploads\/2022\/12\/IMG_1836.jpg\",\"contentUrl\":\"https:\/\/federatiedilbeek.be\/wp-content\/uploads\/2022\/12\/IMG_1836.jpg\",\"width\":1526,\"height\":1944},{\"@type\":\"BreadcrumbList\",\"@id\":\"https:\/\/federatiedilbeek.be\/index.php\/kapellen-in-de-kerk\/#breadcrumb\",\"itemListElement\":[{\"@type\":\"ListItem\",\"position\":1,\"name\":\"Home\",\"item\":\"https:\/\/federatiedilbeek.be\/\"},{\"@type\":\"ListItem\",\"position\":2,\"name\":\"Kapellen in de kerk\"}]},{\"@type\":\"WebSite\",\"@id\":\"https:\/\/federatiedilbeek.be\/#website\",\"url\":\"https:\/\/federatiedilbeek.be\/\",\"name\":\"Zone Dilbeek\",\"description\":\"\",\"potentialAction\":[{\"@type\":\"SearchAction\",\"target\":{\"@type\":\"EntryPoint\",\"urlTemplate\":\"https:\/\/federatiedilbeek.be\/?s={search_term_string}\"},\"query-input\":{\"@type\":\"PropertyValueSpecification\",\"valueRequired\":true,\"valueName\":\"search_term_string\"}}],\"inLanguage\":\"nl-BE\"}]}<\/script>\n<!-- \/ Yoast SEO plugin. -->","yoast_head_json":{"title":"Kapellen in de kerk - Zone Dilbeek","robots":{"index":"index","follow":"follow","max-snippet":"max-snippet:-1","max-image-preview":"max-image-preview:large","max-video-preview":"max-video-preview:-1"},"canonical":"https:\/\/federatiedilbeek.be\/index.php\/kapellen-in-de-kerk\/","og_locale":"nl_BE","og_type":"article","og_title":"Kapellen in de kerk - Zone Dilbeek","og_description":"1.Doopkapel Een baptisterium of doopkapel &#8211; afgeleid uit het Griekse \u2018baptisterion\u2019 (= badplaats of zwembassin) of uit het Italiaanse \u2018battistero\u2019 &#8211; is het afgezonderd deel van een kerk waarin de doopvont staat. Het is veelal een achthoekig gebouw aan de westzijde van de kerken en toegewijd aan Johannes de Doper. &hellip;","og_url":"https:\/\/federatiedilbeek.be\/index.php\/kapellen-in-de-kerk\/","og_site_name":"Zone Dilbeek","article_modified_time":"2023-01-04T08:08:29+00:00","og_image":[{"url":"https:\/\/federatiedilbeek.be\/wp-content\/uploads\/2022\/12\/IMG_1836-235x300.jpg","type":"","width":"","height":""}],"twitter_card":"summary_large_image","twitter_misc":{"Geschatte leestijd":"6 minuten"},"schema":{"@context":"https:\/\/schema.org","@graph":[{"@type":"WebPage","@id":"https:\/\/federatiedilbeek.be\/index.php\/kapellen-in-de-kerk\/","url":"https:\/\/federatiedilbeek.be\/index.php\/kapellen-in-de-kerk\/","name":"Kapellen in de kerk - Zone Dilbeek","isPartOf":{"@id":"https:\/\/federatiedilbeek.be\/#website"},"primaryImageOfPage":{"@id":"https:\/\/federatiedilbeek.be\/index.php\/kapellen-in-de-kerk\/#primaryimage"},"image":{"@id":"https:\/\/federatiedilbeek.be\/index.php\/kapellen-in-de-kerk\/#primaryimage"},"thumbnailUrl":"https:\/\/federatiedilbeek.be\/wp-content\/uploads\/2022\/12\/IMG_1836-235x300.jpg","datePublished":"2022-12-28T09:42:32+00:00","dateModified":"2023-01-04T08:08:29+00:00","breadcrumb":{"@id":"https:\/\/federatiedilbeek.be\/index.php\/kapellen-in-de-kerk\/#breadcrumb"},"inLanguage":"nl-BE","potentialAction":[{"@type":"ReadAction","target":["https:\/\/federatiedilbeek.be\/index.php\/kapellen-in-de-kerk\/"]}]},{"@type":"ImageObject","inLanguage":"nl-BE","@id":"https:\/\/federatiedilbeek.be\/index.php\/kapellen-in-de-kerk\/#primaryimage","url":"https:\/\/federatiedilbeek.be\/wp-content\/uploads\/2022\/12\/IMG_1836.jpg","contentUrl":"https:\/\/federatiedilbeek.be\/wp-content\/uploads\/2022\/12\/IMG_1836.jpg","width":1526,"height":1944},{"@type":"BreadcrumbList","@id":"https:\/\/federatiedilbeek.be\/index.php\/kapellen-in-de-kerk\/#breadcrumb","itemListElement":[{"@type":"ListItem","position":1,"name":"Home","item":"https:\/\/federatiedilbeek.be\/"},{"@type":"ListItem","position":2,"name":"Kapellen in de kerk"}]},{"@type":"WebSite","@id":"https:\/\/federatiedilbeek.be\/#website","url":"https:\/\/federatiedilbeek.be\/","name":"Zone Dilbeek","description":"","potentialAction":[{"@type":"SearchAction","target":{"@type":"EntryPoint","urlTemplate":"https:\/\/federatiedilbeek.be\/?s={search_term_string}"},"query-input":{"@type":"PropertyValueSpecification","valueRequired":true,"valueName":"search_term_string"}}],"inLanguage":"nl-BE"}]}},"_links":{"self":[{"href":"https:\/\/federatiedilbeek.be\/index.php\/wp-json\/wp\/v2\/pages\/5914","targetHints":{"allow":["GET"]}}],"collection":[{"href":"https:\/\/federatiedilbeek.be\/index.php\/wp-json\/wp\/v2\/pages"}],"about":[{"href":"https:\/\/federatiedilbeek.be\/index.php\/wp-json\/wp\/v2\/types\/page"}],"author":[{"embeddable":true,"href":"https:\/\/federatiedilbeek.be\/index.php\/wp-json\/wp\/v2\/users\/1"}],"replies":[{"embeddable":true,"href":"https:\/\/federatiedilbeek.be\/index.php\/wp-json\/wp\/v2\/comments?post=5914"}],"version-history":[{"count":4,"href":"https:\/\/federatiedilbeek.be\/index.php\/wp-json\/wp\/v2\/pages\/5914\/revisions"}],"predecessor-version":[{"id":5940,"href":"https:\/\/federatiedilbeek.be\/index.php\/wp-json\/wp\/v2\/pages\/5914\/revisions\/5940"}],"wp:attachment":[{"href":"https:\/\/federatiedilbeek.be\/index.php\/wp-json\/wp\/v2\/media?parent=5914"}],"curies":[{"name":"wp","href":"https:\/\/api.w.org\/{rel}","templated":true}]}}